 17767465?
5, 17, 209029
List the prime factors of 18691454.
2, 149, 62723
List the prime factors of 2162938.
2, 61, 17729
What are the prime factors of 17770725?
3, 5, 7, 3761
List the prime factors of 6979309.
31, 149, 1511
What are the prime factors of 932731?
59, 15809
What are the prime factors of 26146893?
3, 29, 271, 1109
What are the prime factors of 350451?
3, 23, 1693
List the prime factors of 174751.
37, 4723
List the prime factors of 11052461.
7, 31, 53
List the prime factors of 5401805.
5, 937, 1153
What are the prime factors of 413168?
2, 7, 17, 31
List the prime factors of 5713930.
2, 5, 53, 10781
What are the prime factors of 9466047?
3, 19, 197, 281
What are the prime factors of 1523802?
2, 3, 7, 71, 73
What are the prime factors of 27408?
2, 3, 571
List the prime factors of 6876224.
2, 107441
List the prime factors of 126810.
2, 3, 5, 1409
What are the prime factors of 6727093?
31, 217003
What are the prime factors of 18287842?
2, 19, 37, 13007
What are the prime factors of 8288470?
2, 5, 31, 26737
What are the prime factors of 739715?
5, 337, 439
What are the prime factors of 10012225?
5, 31, 12919
What are the prime factors of 6674661?
3, 7, 53, 1999
What are the prime factors of 218945?
5, 43789
What are the prime factors of 39216?
2, 3, 19, 43
List the prime factors of 3444995.
5, 688999
What are the prime factors of 16795215?
3, 5, 47, 2647
What are the prime factors of 6631516?
2, 617, 2687
What are the prime factors of 184989?
3, 7, 23, 383
What are the prime factors of 292476?
2, 3, 24373
What are the prime factors of 7394042?
2, 113, 32717
List the prime factors of 388320.
2, 3, 5, 809
List the prime factors of 8229975.
3, 5, 13, 23, 367
List the prime factors of 208486.
2, 104243
List the prime factors of 189774.
2, 3, 13, 811
What are the prime factors of 552727?
7, 281
What are the prime factors of 2019312?
2, 3, 37, 379
List the prime factors of 21248.
2, 83
What are the prime factors of 1155131?
89, 12979
What are the prime factors of 6917134?
2, 7, 70583
What are the prime factors of 5648671?
7, 115279
What are the prime factors of 111043?
111043
List the prime factors of 358113.
3, 7, 17053
List the prime factors of 571724.
2, 37, 3863
What are the prime factors of 6061405?
5, 7, 173183
What are the prime factors of 7314087?
3, 11, 20149
List the prime factors of 126098.
2, 7, 9007
What are the prime factors of 12610151?
12610151
What are the prime factors of 728596?
2, 11, 29, 571
List the prime factors of 9505314.
2, 3, 7, 13, 829
What are the prime factors of 4405833?
3, 18131
What are the prime factors of 3952706?
2, 907, 2179
List the prime factors of 15446382.
2, 3, 7, 367771
What are the prime factors of 1517830?
2, 5, 151783
List the prime factors of 5188855.
5, 7, 21179
List the prime factors of 760758.
2, 3, 103, 1231
What are the prime factors of 20959275?
3, 5, 43, 67, 97
List the prime factors of 190871.
190871
What are the prime factors of 42344?
2, 67, 79
What are the prime factors of 1279885?
5, 255977
What are the prime factors of 743883?
3, 7, 35423
What are the prime factors of 24457694?
2, 23, 531689
What are the prime factors of 205798?
2, 43, 2393
What are the prime factors of 429025?
5, 131
What are the prime factors of 2323894?
2, 1161947
What are the prime factors of 2593645?
5, 518729
What are the prime factors of 3805636?
2, 73, 13033
List the prime factors of 1283697.
3, 19, 7507
What are the prime factors of 435784?
2, 19, 47, 61
List the prime factors of 9211199.
9211199
What are the prime factors of 3335031?
3, 7, 52937
What are the prime factors of 1079278?
2, 539639
What are the prime factors of 195982?
2, 29, 31, 109
What are the prime factors of 3422274?
2, 3, 570379
List the prime factors of 982236.
2, 3, 81853
What are the prime factors of 4137898?
2, 2068949
List the prime factors of 505797.
3, 168599
What are the prime factors of 385627?
11, 3187
List the prime factors of 33648.
2, 3, 701
What are the prime factors of 1004138?
2, 53, 9473
List the prime factors of 246244.
2, 61561
List the prime factors of 4981582.
2, 41, 79, 769
What are the prime factors of 2312717?
11, 210247
What are the prime factors of 27103964?
2, 389, 17419
What are the prime factors of 548021?
23, 23827
List the prime factors of 342440.
2, 5, 7, 1223
What are the prime factors of 1507651?
1507651
List the prime factors of 31521652.
2, 7880413
What are the prime factors of 3056970?
2, 3, 5, 7, 14557
List the prime factors of 31294102.
2, 7, 19, 71, 1657
List the prime factors of 398373.
3, 19, 29, 241
What are the prime factors of 193476?
2, 3, 23, 701
What are the prime factors of 7913284?
2, 103, 19207
What are the prime factors of 2657250?
2, 3, 5, 1181
List the prime factors of 127231.
13, 9787
List the prime factors of 31807757.
499, 63743
List the prime factors of 533011.
533011
List the prime factors of 598021.
31, 101, 191
What are the prime factors of 24589094?
2, 41, 227, 1321
List the prime factors of 2827602.
2, 3, 52363
What are the prime factors of 462289?
19, 29, 839
What are the prime factors of 4542624?
2, 3, 15773
List the prime factors of 2478370.
2, 5, 139, 1783
What are the prime factors of 672022?
2, 13, 25847
What are the prime factors of 599887?
19, 31573
What are the prime factors of 4248793?
17, 293, 853
List the prime factors of 30558505.
5, 2357, 2593
What are the prime factors of 1687097?
17, 99241
What are the prime factors of 1304834?
2, 652417
What are the prime factors of 17573260?
2, 5, 878663
List the prime factors of 190667.
190667
What are the prime factors of 483781?
373, 1297
What are the prime factors of 6052562?
2, 107, 28283
List the prime factors of 276795.
3, 5, 6151
What are the prime factors of 1311262?
2, 41, 15991
What are the prime factors of 620642?
2, 11, 28211
What are the prime factors of 170040?
2, 3, 5, 13, 109
What are the prime factors of 187670?
2, 5, 7, 383
List the prime factors of 3887437.
23, 169019
List the prime factors of 762274.
2, 37, 10301
What are the prime factors of 510771?
3, 89, 1913
What are the prime factors of 11008734?
2, 3, 11, 166799
List the prime factors of 201178.
2, 17, 61, 97
List the prime factors of 93195.
3, 5, 19, 109
List the prime factors of 19113616.
2, 1194601
What are the prime factors of 215188?
2, 23, 2339
List the prime factors of 183600.
2, 3, 5, 17
List the prime factors of 300314.
2, 7, 19, 1129
List the prime factors of 181110.
2, 3, 5, 6037
List the prime factors of 269355.
3, 5, 17957
List the prime factors of 2181161.
2181161
List the prime factors of 225376.
2, 7043
What are the prime factors of 1236644?
2, 101, 3061
List the prime factors of 8211260.
2, 5, 79, 5197
List the prime factors of 2731026.
2, 3, 455171
What are the prime factors of 2170562?
2, 53, 20477
What are the prime factors of 18408507?
3, 13, 317, 1489
List the prime factors of 7744250.
2, 5, 30977
List the prime factors of 667481.
503, 1327
What are the prime factors of 5162520?
2, 3, 5, 11, 3911
List the prime factors of 101944.
2, 12743
What are the prime factors of 681033?
3, 227011
List the prime factors of 1888912.
2, 118057
List the prime factors of 1757980.
2, 5, 7, 29, 433
What are the prime factors of 458852?
2, 114713
List the prime factors of 1184256.
2, 3, 257
What are the prime factors of 287057?
287057
List the prime factors of 942668.
2, 463, 509
List the prime factors of 113863.
31, 3673
List the prime factors of 2519493.
3, 839831
List the prime factors of 9461290.
2, 5, 43, 22003
What are the prime factors of 107038?
2, 109, 491
What are the prime factors of 6960999?
3, 1297, 1789
What are the prime factors of 7644961?
7644961
List the prime factors of 213934.
2, 7, 37, 59
List the prime factors of 392449.
23, 113, 151
What are the prime factors of 5101580?
2, 5, 11, 23189
What are the prime factors of 4291259?
7, 17, 36061
What are the prime factors of 94395?
3, 5, 7, 29, 31
What are the prime factors of 63287?
7, 9041
What are the prime factors of 1676249?
59, 28411
List the prime factors of 164296.
2, 11, 1867
What are the prime factors of 9321938?
2, 4660969
List the prime factors of 123479.
123479
List the prime factors of 1471545.
3, 5, 53, 617
What are the prime factors of 320329?
320329
List the 